alculate 38 + 5 + -121 - -152.
74
What is the value of (-123 - (-8 + 19 + -2 + -18)) + 14?
-100
16 + 0 + -38 + 42 + 8 - -17
45
Evaluate -6 + -2 - (-5 - (7 + (4 - 5) + 57)).
60
Evaluate (2825 - 2826) + (-3 + -1 - (105 - (-7 + 12))).
-105
Evaluate 37 - (-36 - (31 - 70 - -44)).
78
What is the value of -20 + (0 + -40 - (-435 - -410))?
-35
What is -12 - -55 - (-23 - -11 - -19)?
36
-29 - -49 - -60 - 38
42
What is 10 - 19 - (-69 - -8) - (6 - -1)?
45
What is (-19 - (-25 - (-8 - 7))) + (3 - (-6 + 1))?
-1
17 - 37 - 13 - (-5 + 6 - -5)
-39
What is 59 - (-56 - 59 - -93)?
81
What is 73 + (-75 - -50) + -104?
-56
What is (-24 - 3) + -22 + (-13 - (-2 - 7)) + 15?
-38
What is the value of (-30 - -1) + 28 + -45 + 83?
37
What is (6 - 14) + 63 + -23?
32
What is -93 + (46 - -16) - -97?
66
17 - (-46 - -123) - -111
51
What is the value of 1 - 4 - (-9 + (-5 - 1) - (-77 + 33))?
-32
What is the value of 8 + (19 - (7 + (142 - 43)))?
-79
Evaluate (2 - 0) + -6 + 6 + (28 - 29) - -26.
27
What is the value of 9 - ((1 + -19 + 21 - 0) + (0 - 6))?
12
Calculate -13 - -25 - (-3 + 15 + (100 - (12 + -25))).
-113
Evaluate 102 + -19 + 31 - ((9 - 10) + 15).
100
1055 + -1086 + 4 + 11 + 0
-16
1 + (0 - -9) - (-15 + -5 + -3 + -1)
34
Calculate (-23 + 3 - (449 + -467)) + 44.
42
What is -5 - ((3 + -77 - (-2 + -2)) + 12)?
53
What is 187 + -181 - (0 + -73) - (11 - 1)?
69
What is -20 - (4 + -6) - (-58 + (96 - 36))?
-20
What is the value of -5 + -85 + 81 + 9?
0
Calculate -8 + -1 + -54 + 51 + 19.
7
Calculate -40 - -11 - (-38 - -18 - 88).
79
What is the value of 38 + (36 + -47 - -3)?
30
Calculate 3 + (-7 - 14 - 14 - -24).
-8
(167 - 169) + (35 - 3) + -10 + 3
23
Calculate -91 - (0 + 6 + (-15 - -38) + -66 + 52).
-106
What is the value of -409 + 425 - (18 + 0) - 13?
-15
-1 - (14 + -1 + -4 + -6 + -1)
-3
31 + 1 + 3 + -379 + 362
18
What is 1 + 3 - ((19 - 26) + (27 - 4))?
-12
-24 + -33 + -13 + 28 + 14 + -12
-40
Calculate 111 - (-18 + (83 - -23)).
23
-45 + (121 - 37 - -9)
48
11 + 0 + ((-9 - -16 - -4) + -50 - 5)
-33
What is -18 + (26 - -38) - -12?
58
What is the value of 94 - (2 - (31 + (-11 - (-11 - -17))))?
106
What is -3 + (0 - -1) + -1 + -837 + 835?
-5
What is the value of 61 - (-39 - -62 - -20)?
18
What is 45 + -68 + 93 + -100?
-30
What is the value of 9 + (-7 - (-82 + 92 + 0 + -4))?
-4
Evaluate 3 + -1 + 72 + 9 + (-35 - -23).
71
57 - (25 + (45 - 48))
35
What is 10 + 30 - 23 - 30 - (-1 - 25)?
13
What is the value of 79 - ((39 + -36 - (7 - 35)) + -19)?
67
(-10 - -17) + (19 - (59 - 7))
-26
What is the value of -20 - 1 - ((-14 - -1) + (-45 - -131))?
-94
What is (-7 - -11) + -14 - (-6 + 0 - (0 - -109))?
105
What is 17 + -1 + -53 + 54 + -60?
-43
What is the value of (4 + -3 - 27) + (34 - 20) + 3 + -29?
-38
Calculate -73 + -16 + (67 - (29 - 0)).
-51
What is the value of (-1 - -1 - (-2 + -10)) + -7244 + 7261?
29
What is the value of -10 - (15 - 142 - -146)?
-29
Calculate -13 + (72 + 11 - (32 - 44)).
82
Evaluate 15 - 70 - (-4 + -25).
-26
Calculate -70 + -54 + 83 + 110.
69
Calculate -25 + 0 + (10 - -13) - (-61 - -1).
58
Calculate (73 - (-7 - -11)) + (-4 + -4 - -6).
67
What is (62 + -27 - 17) + (2 - 1)?
19
What is (11 + -1 - 53 - (1 + 1)) + 575 + -575?
-45
11 - 1 - (84 + -79 + 57)
-52
What is the value of (-1 - 4) + -44 + 15 + 34 + 34?
34
Evaluate (-5 - (1 - 6 - -9)) + 6 + 38.
35
What is -7 - 0 - -11 - (23 - 37)?
18
What is the value of 2 + -96 - (42 - ((-6 - -70) + -29))?
-101
What is (7 + -25 + -19 + 25 - -11) + 34?
33
-2 - (2 + 7) - (-35 + (-12 - -10) + -28)
54
Calculate (200 - (455 + -210)) + -2 + -2.
-49
What is the value of -16 - ((-4 + -2 - (2 - (2 - 0))) + 10)?
-20
(-11 + 5 + 4 - -30) + (34 + -61 - -19)
20
What is the value of -12 + 2 + -1 + (56 + -26 + -41 - -91)?
69
What is 1 + 0 + (-496 - -481) + -101?
-115
What is the value of -10 + 0 + (33 - 41) + (56 - (3 - 6))?
41
Calculate -16 - -60 - (2 - -11).
31
Evaluate -14 + (7 - 7 - 6) + 38 + 0.
18
Calculate 111 - (-103 + 102 + -14).
126
Calculate 60 + -74 - (-9 + 10).
-15
What is the value of (62 - -4) + (992 - 1012)?
46
What is 3 - (-15 - -1 - (3 - 6))?
14
What is 11 - (-7 + 39 + 15 + -3 + -4)?
-29
Calculate 6 - (-15 - (-73 - 11)) - (-1 + 0) - -11.
-51
What is -27 - (-26 + 30 + -2 + 1 + -13)?
-17
What is the value of 5 - ((-111 - -125) + -17 + 0) - 6?
2
Evaluate (2 + -6 - 85) + (11 - (18 + -13 - -5)).
-88
Evaluate 414 + -92 + -150 - 14.
158
(33 - -1 - 37) + -29
-32
What is (-85 - -8 - 126) + 100?
-103
What is the value of (-69 - (-107 + 26)) + 21 + -2?
31
Calculate (-3 - (-30 + -3)) + (-39 + 32 + -14 - -13).
22
Evaluate -161 + 137 + (-8 - -25) + 35 + -2 + 1.
27
Evaluate -2 + (1 - 4) + (-3 - -11) + 9.
12
What is -45 + -46 + 89 + -38?
-40
What is the value of (1159 - 1173) + (-18 - 4)?
-36
-1 + -70 - (-15 - (6 - (24 - (21 + -8))))
-61
Evaluate -86 + (-5 - -70) + -1 + 63.
41
(12792 - 12776) + (43 - (-1 + 2)) - (1 - -9)
48
Evaluate -32 - (31 - 93 - -64).
-34
Evaluate 21 + 12 + (-54 - (-4 - 19)).
2
What is the value of -152 - 5 - (1190 + -1229)?
-118
What is (143 - 174) + (5 - -59) - (-1 - 2)?
36
Calculate 89 + -98 + 7 + 11 + -3 + -58.
-52
17 + 20 + (-40 - -17) + -74
-60
(-7 - 1) + (36 + -50 + 17 - 47)
-52
What is the value of (50 - 3 - -3 - 3) + 90 + (-132 - -46)?
51
What is (-19 - 92) + 246 + -175?
-40
Evaluate -17 + -8 + 45 + (6 - -1).
27
What is the value of -31 + 39 + 1 + -20 - -89?
78
Calculate 11 + (-27 - 93 - -16).
-93
What is -11 - (-40 - -36 - 24) - 32?
-15
(0 - 2 - 6 - (-112 + 135) - 6) + -6
-43
-10 + (-17 - -6 - -7 - (4 - -4))
-22
-50 + 59 + 37 + -31
15
What is the value of -150 + 147 - ((95 - 0) + (21 - 6 - 10))?
-103
Evaluate (6 - -12 - (0 - -33)) + 21.
6
What is -5 + (2 - (3 + -4)) + 13 - (45 + -6)?
-28
What is the value of -33 + 10 + 40 + (-8 - -4)?
13
(-11 - (16 - 47 - -5)) + 156 + -72
99
Calculate -13404 + 13404 + (-3 - 101 - 0).
-104
Evaluate (-14 - -23) + (73 - 108).
-26
What is 5 + -1 - (10389 + -10394 + (-1 - -1) + -22)?
31
Calculate 9 - (0 + 7) - (-9 + 2 - (-15 - -2)).
-4
Evaluate 46 - (7 + (-9 - 7 - -4) - 0).
51
Evaluate -288 - -292 - (-5 + -25).
34
What is (3 - -37) + -4 + (-51 - -27) + 10 + -9?
13
Calculate (3369 - 3385) + (-3 - -6) + 1 + 10.
-2
Evaluate (-17 - -6 - -10) + (2 - -6) - 28.
-21
What is the value of -48 + 65 - (-30 + 1) - -8?
54
What is 8 + (-7 - (196 + -191 - (17 + 0))) - 25?
-12
What is -39 - -1 - (-714 - -694)?
-18
53 - ((84 - 73) + -33)
75
(-1 - 1) + 11 + (-155 - (47 - 135))
-58
Calculate 71 - 7 - (-35 - -43).
56
Evaluate 101 + -56 + (-35 - 15).
-5
Evaluate 119 + -57 + -53 + 40.
49
-8 - (116 + 20 + (-10 - (7 - 6)) + -8)
-125
What is the value of 2 - 18 - (-29 + 32 + 9) - 11?
-39
Evaluate 20 + 6 + -12 + 12 + -26 - 20.
-20
Calculate (216 - 118) + 60 + -2 + -9.
147
What is the value of 31 - (119 + -219) - 107?
24
Calculate -70 - ((0 - 17) + (8 - -17 - 23)).
-55
What is -2 - -3 - (6 + -4 + 7 + (1 - 51))?
42
(2 - (17 + -10 + 4) - -1) + -2 + 87
77
What is -2089 + 2070 + (-1 - -58)?
38
What is (7 - 12 - 44) + -2 + -31 + 23 + 2?
-57
What is (4 + 1 - -68) + (2 - -10) + (130 - 135)?
80
Evaluate -5 - (21 - (-2 - -18)) - 60 - -20.
-50
What is (-56 - -55) + (3 - (0 + -2)) + 7?
11
Calculate (-11 - 2) + 32 + 6 + -44.
-19
Evaluate -2 + 21 + 13 + 11 + -2 + 12.
53
What is the value of 21 + -3 - (80 + 0 + -19 + -22)?
-21
-48 - (-9 - 33) - -40
34
What is (-154 - (-507 + 358)) + (0 + -129 - 1)?
-135
What is 3 - (-75 - -58 - 40)?
60
What is the value of 92 - (-20 - -95) - (0 + 37)?
-20
18 - (-32 - (84 + (-21 - 17)))
96
What is the value of -5 + (2 - -13) - (9 - (20 - 12))?
9
Calculate -154 + 83 + (42 - 3).
-32
What is 41 - ((-4 - 1) + (195 + -141 - (36 - 0)))?
28
Calculate -57 + 69 + 69 - 74.
7
(-13 - (0 - (2 - -3))) + (-15 - 15) + -3
-41
What is 16 - (-12 + (-1 - (-8 - (4 + 8))))?
9
Calculate 8 + (-10 - 16 - -14) - 9.
-13
46 - (2 - -3 - (51 + -79))
13
Evaluate -100 - (-33 - (37 + -19 + -15)).
-64
28 + -51 + 23 + 4 + -31
-27
(-29 - 5 - -20) + 56 + (-1 - 12)
29
Calculate -1366 - -1446 - (50 - 3).
33
What is the value of (-1 - 0) + -19 + 4 + -70 + 46 + 55?
15
What is the value of 6 - -1 - -38 - 28?
17
What is the value of (1 + 15 - 12) + (0 + -8 - 38)?
-42
Evaluate -51 - (29 - (-5 + -6 + 13)).
-78
What is the value of (-12 + 0 - (80 + -16 + -67) - -5) + -42?
-46
What is the value of (33 + 1 - 69) + (-23 - 1)?
-59
What is -4 - (-30 - (36 + 